{"version":"1.0","provider_name":"Moteur&amp;sens","provider_url":"https:\/\/moteuretsens.com\/en","author_name":"Chloe Brochard","author_url":"https:\/\/moteuretsens.com\/en\/author\/chloemoteuretsens-com\/","title":"PORSCHE 993 GT2 - Moteur&amp;sens","type":"rich","width":600,"height":338,"html":"<blockquote class=\"wp-embedded-content\" data-secret=\"2cAE7zoyBe\"><a href=\"https:\/\/moteuretsens.com\/en\/porsche-993-gt2\/\">PORSCHE 993 GT2<\/a><\/blockquote><iframe sandbox=\"allow-scripts\" security=\"restricted\" src=\"https:\/\/moteuretsens.com\/en\/porsche-993-gt2\/embed\/#?secret=2cAE7zoyBe\" width=\"600\" height=\"338\" title=\"&#8220;PORSCHE 993 GT2&#8221; &#8212; Moteur&amp;sens\" data-secret=\"2cAE7zoyBe\" frameborder=\"0\" marginwidth=\"0\" marginheight=\"0\" scrolling=\"no\" class=\"wp-embedded-content\"><\/iframe><script>\n\/*! This file is auto-generated *\/\n!function(d,l){\"use strict\";l.querySelector&&d.addEventListener&&\"undefined\"!=typeof URL&&(d.wp=d.wp||{},d.wp.receiveEmbedMessage||(d.wp.receiveEmbedMessage=function(e){var t=e.data;if((t||t.secret||t.message||t.value)&&!\/[^a-zA-Z0-9]\/.test(t.secret)){for(var s,r,n,a=l.querySelectorAll('iframe[data-secret=\"'+t.secret+'\"]'),o=l.querySelectorAll('blockquote[data-secret=\"'+t.secret+'\"]'),c=new RegExp(\"^https?:$\",\"i\"),i=0;i<o.length;i++)o[i].style.display=\"none\";for(i=0;i<a.length;i++)s=a[i],e.source===s.contentWindow&&(s.removeAttribute(\"style\"),\"height\"===t.message?(1e3<(r=parseInt(t.value,10))?r=1e3:~~r<200&&(r=200),s.height=r):\"link\"===t.message&&(r=new URL(s.getAttribute(\"src\")),n=new URL(t.value),c.test(n.protocol))&&n.host===r.host&&l.activeElement===s&&(d.top.location.href=t.value))}},d.addEventListener(\"message\",d.wp.receiveEmbedMessage,!1),l.addEventListener(\"DOMContentLoaded\",function(){for(var e,t,s=l.querySelectorAll(\"iframe.wp-embedded-content\"),r=0;r<s.length;r++)(t=(e=s[r]).getAttribute(\"data-secret\"))||(t=Math.random().toString(36).substring(2,12),e.src+=\"#?secret=\"+t,e.setAttribute(\"data-secret\",t)),e.contentWindow.postMessage({message:\"ready\",secret:t},\"*\")},!1)))}(window,document);\n\/\/# sourceURL=https:\/\/moteuretsens.com\/wp-includes\/js\/wp-embed.min.js\n<\/script>","thumbnail_url":"https:\/\/moteuretsens.com\/wp-content\/uploads\/2022\/11\/993-GT2-couverture.jpg","thumbnail_width":1,"thumbnail_height":1,"description":"Tout le monde la connait sous le nom de GT2. A l&rsquo;instar de GT1, le patronyme GT2 provient de la cat\u00e9gorie FIA dans laquelle la voiture \u00e9tait \u00e9ligible. Pourtant son vrai nom est 911 GT.M\u00eame si la puissance de cette 911 pourrait faire sourire n\u2019importe quel possesseur de 992 Carrera S actuelle, sa masse r\u00e9duite..."}

Tout le monde la connait sous le nom de GT2. A l&rsquo;instar de GT1, le patronyme GT2 provient de la catégorie FIA dans laquelle la voiture était éligible. Pourtant son vrai nom est 911 GT.Même si la puissance de cette 911 pourrait faire sourire n’importe quel possesseur de 992 Carrera S actuelle, sa masse réduite...
